7 is divided by 23?
19
Calculate the remainder when 1744 is divided by 134.
2
What is the remainder when 316 is divided by 24?
4
What is the remainder when 76 is divided by 16?
12
What is the remainder when 2010 is divided by 1005?
0
Calculate the remainder when 6 is divided by 2.
0
What is the remainder when 2172 is divided by 60?
12
Calculate the remainder when 300 is divided by 143.
14
What is the remainder when 860 is divided by 47?
14
Calculate the remainder when 36 is divided by 9.
0
Calculate the remainder when 1002 is divided by 59.
58
What is the remainder when 456 is divided by 155?
146
What is the remainder when 9 is divided by 6?
3
Calculate the remainder when 93 is divided by 29.
6
Calculate the remainder when 3274 is divided by 52.
50
Calculate the remainder when 667 is divided by 22.
7
Calculate the remainder when 1678 is divided by 23.
22
Calculate the remainder when 8948 is divided by 24.
20
Calculate the remainder when 892 is divided by 149.
147
What is the remainder when 368 is divided by 7?
4
What is the remainder when 195 is divided by 20?
15
What is the remainder when 427 is divided by 134?
25
What is the remainder when 341 is divided by 80?
21
What is the remainder when 2268 is divided by 134?
124
Calculate the remainder when 390 is divided by 194.
2
What is the remainder when 67 is divided by 23?
21
Calculate the remainder when 547 is divided by 504.
43
Calculate the remainder when 717 is divided by 103.
99
What is the remainder when 220 is divided by 181?
39
What is the remainder when 80 is divided by 44?
36
Calculate the remainder when 34 is divided by 19.
15
What is the remainder when 97 is divided by 53?
44
What is the remainder when 5103 is divided by 176?
175
Calculate the remainder when 419 is divided by 47.
43
Calculate the remainder when 185 is divided by 11.
9
Calculate the remainder when 118 is divided by 87.
31
What is the remainder when 1685 is divided by 421?
1
What is the remainder when 934 is divided by 306?
16
What is the remainder when 232 is divided by 47?
44
Calculate the remainder when 681 is divided by 217.
30
Calculate the remainder when 1234 is divided by 603.
28
Calculate the remainder when 414 is divided by 166.
82
Calculate the remainder when 663 is divided by 12.
3
Calculate the remainder when 627 is divided by 101.
21
Calculate the remainder when 547 is divided by 50.
47
What is the remainder when 178 is divided by 68?
42
Calculate the remainder when 130 is divided by 58.
14
What is the remainder when 192 is divided by 35?
17
Calculate the remainder when 1536 is divided by 253.
18
Calculate the remainder when 560 is divided by 279.
2
What is the remainder when 2657 is divided by 141?
119
Calculate the remainder when 1534 is divided by 746.
42
Calculate the remainder when 177 is divided by 36.
33
What is the remainder when 141 is divided by 25?
16
Calculate the remainder when 77 is divided by 40.
37
What is the remainder when 692 is divided by 7?
6
Calculate the remainder when 906 is divided by 440.
26
Calculate the remainder when 6711 is divided by 18.
15
What is the remainder when 61 is divided by 48?
13
What is the remainder when 128 is divided by 10?
8
Calculate the remainder when 1440 is divided by 238.
12
Calculate the remainder when 39 is divided by 7.
4
What is the remainder when 765 is divided by 64?
61
Calculate the remainder when 1180 is divided by 386.
22
What is the remainder when 452 is divided by 12?
8
Calculate the remainder when 450 is divided by 46.
36
Calculate the remainder when 419 is divided by 53.
48
Calculate the remainder when 56 is divided by 25.
6
Calculate the remainder when 307 is divided by 49.
13
What is the remainder when 356 is divided by 348?
8
Calculate the remainder when 957 is divided by 60.
57
What is the remainder when 374 is divided by 101?
71
Calculate the remainder when 537 is divided by 41.
4
What is the remainder when 926 is divided by 31?
27
Calculate the remainder when 2442 is divided by 15.
12
What is the remainder when 303 is divided by 45?
33
What is the remainder when 2043 is divided by 137?
125
Calculate the remainder when 12 is divided by 9.
3
What is the remainder when 56 is divided by 35?
21
What is the remainder when 255 is divided by 13?
8
Calculate the remainder when 130 is divided by 97.
33
What is the remainder when 368 is divided by 11?
5
Calculate the remainder when 73169 is divided by 18.
17
Calculate the remainder when 281 is divided by 72.
65
What is the remainder when 211 is divided by 87?
37
Calculate the remainder when 710 is divided by 710.
0
What is the remainder when 24 is divided by 7?
3
What is the remainder when 634 is divided by 11?
7
What is the remainder when 272 is divided by 59?
36
Calculate the remainder when 1582 is divided by 9.
7
Calculate the remainder when 857 is divided by 72.
65
What is the remainder when 203 is divided by 5?
3
What is the remainder when 105 is divided by 17?
3
Calculate the remainder when 2063 is divided by 43.
42
What is the remainder when 37 is divided by 8?
5
What is the remainder when 1935 is divided by 22?
21
Calculate the remainder when 160 is divided by 10.
0
Calculate the remainder when 199 is divided by 32.
7
Calculate the remainder when 341 is divided by 48.
5
What is the remainder when 27 is divided by 15?
12
Calculate the remainder when 623 is divided by 18.
11
Calculate the remainder when 257 is divided by 29.
25
Calculate the remainder when 856 is divided by 39.
37
What is the remainder when 371 is divided by 12?
11
What is the remainder when 376 is divided by 95?
91
Calculate the remainder when 373 is divided by 116.
25
Calculate the remainder when 436 is divided by 345.
91
What is the remainder when 256 is divided by 65?
61
What is the remainder when 2497 is divided by 139?
134
Calculate the remainder when 638 is divided by 107.
103
What is the remainder when 5712 is divided by 1902?
6
What is the remainder when 461 is divided by 14?
13
What is the remainder when 55 is divided by 14?
13
Calculate the remainder when 84 is divided by 11.
7
What is the remainder when 1652 is divided by 326?
22
Calculate the remainder when 4418 is divided by 67.
63
What is the remainder when 634 is divided by 23?
13
What is the remainder when 868 is divided by 97?
92
What is the remainder when 271 is divided by 69?
64
Calculate the remainder when 1406 is divided by 229.
32
What is the remainder when 439 is divided by 106?
15
Calculate the remainder when 4744 is divided by 2357.
30
What is the remainder when 8433 is divided by 111?
108
Calculate the remainder when 228 is divided by 146.
82
Calculate the remainder when 125 is divided by 35.
20
What is the remainder when 2626 is divided by 53?
29
Calculate the remainder when 195 is divided by 65.
0
Calculate the remainder when 5650 is divided by 22.
18
What is the remainder when 960 is divided by 14?
8
Calculate the remainder when 450 is divided by 113.
111
Calculate the remainder when 717 is divided by 32.
13
Calculate the remainder when 1278 is divided by 146.
110
Calculate the remainder when 123 is divided by 54.
15
Calculate the remainder when 1968 is divided by 152.
144
Calculate the remainder when 1343 is divided by 269.
267
What is the remainder when 346 is divided by 172?
2
Calculate the remainder when 129 is divided by 66.
63
What is the remainder when 923 is divided by 28?
27
What is the remainder when 347 is divided by 12?
11
Calculate the remainder when 179 is divided by 15.
14
What is the remainder when 126 is divided by 76?
50
What is the remainder when 46967 is divided by 14?
11
What is the remainder when 114 is divided by 50?
14
Calculate the remainder when 55 is divided by 19.
17
What is the remainder when 2537 is divided by 94?
93
What is the remainder when 321 is divided by 63?
6
What is the remainder when 136 is divided by 89?
47
What is the remainder when 584 is divided by 576?
8
Calculate the remainder when 104 is divided by 9.
5
What is the remainder when 2256 is divided by 61?
60
Calculate the remainder when 2191 is divided by 309.
28
Calculate the remainder when 5448 is divided by 116.
112
Calculate the remainder when 18 is divided by 6.
0
Calculate the remainder when 7325 is divided by 1828.
13
Calculate the remainder